{"id":45,"date":"2017-05-18T08:47:29","date_gmt":"2017-05-18T08:47:29","guid":{"rendered":"http:\/\/parroquiadelcarmenarrecife.org\/?page_id=45"},"modified":"2017-05-22T08:33:46","modified_gmt":"2017-05-22T08:33:46","slug":"informacion-de-bautizos","status":"publish","type":"page","link":"http:\/\/parroquiadelcarmenarrecife.org\/?page_id=45","title":{"rendered":"INFORMACION DE BAUTIZOS"},"content":{"rendered":"<h1 style=\"text-align: center;\">\u00a0 \u00a0 <img decoding=\"async\" loading=\"lazy\" class=\"wp-image-64 aligncenter\" src=\"http:\/\/parroquiadelcarmenarrecife.org\/wp-content\/uploads\/2017\/05\/INFORMACION-BAUTIZOS.gif\" alt=\"\" width=\"131\" height=\"135\" \/>\u00a0 <span style=\"color: #ffffff;\"><strong>\u00a0Informaci\u00f3n sobre los Bautizos<\/strong><\/span><\/h1>\n<p>Los PADRES que deseen bautizar a su hij@<br \/>\nen esta Parroquia DEBEN SABER:<br \/>\n<strong>A.<\/strong> Solicitar el Bautismo cuanto antes, incluso antes de su nacimiento.<br \/>\nLa solicitud al p\u00e1rroco ha deser pedida \u00fanicamente<br \/>\npor los Padres. Deber\u00e1 ser al menoscon 2 meses de antelaci\u00f3n<br \/>\na la fecha prevista a la celebraci\u00f3n.<br \/>\n<strong>B.<\/strong> En la entrevista primera con el p\u00e1rroco y, en di\u00e1logo con \u00e9l,<br \/>\nse decidir\u00e1 la fecha de la Celebraci\u00f3n y la fecha de Reuni\u00f3n<br \/>\npreparatoria.<br \/>\n<strong>C.<\/strong> Se recomienda que el bautismo SE HAGA donde vivan actualmente.<br \/>\n<strong>D.<\/strong> Es necesario presentar el libro de Familia.<br \/>\n<strong>E.<\/strong> Si el Ni\u00f1@ pasa de 5 a\u00f1os, la Iglesia ofrece otro proceso<br \/>\nque va unido a la catequesis de Infancia y en \u00e9l se<br \/>\nbautizar\u00e1.<br \/>\n<strong>F.<\/strong> Si no est\u00e1n casados por la Iglesia, ser\u00e1 necesario que<br \/>\nelijan de padrino o madrina a alguien confirmado.<br \/>\n<strong>G.<\/strong> Para la elecci\u00f3n de Padrinos, se recuerda que seg\u00fan el<br \/>\nsentir de la Iglesia: podr\u00e1n ser: un hombre, una mujer o<br \/>\nun hombre y una mujer, bautizados y confirmados. Ser<br \/>\ncat\u00f3lico, mayor de edad, saber lo principal de la fe<br \/>\ncat\u00f3lica. En resumen, ser una persona de fe y de vida<br \/>\ncristiana.<br \/>\n<strong>H.<\/strong> En caso que la celebraci\u00f3n ser realice en otra Iglesia,<br \/>\nel p\u00e1rroco les dar\u00e1 el impreso de traslado. Si viniese de<br \/>\notra parroquia, deber\u00e1n traer la conformidad del<br \/>\np\u00e1rroco de residencia.<br \/>\n<strong>I.<\/strong> Dentro del sostenimiento econ\u00f3mico de la Iglesia se<br \/>\ndeber\u00e1 contribuir aportando una cantidad econ\u00f3mica.<\/p>\n","protected":false},"excerpt":{"rendered":"<p>\u00a0 \u00a0 \u00a0 \u00a0Informaci\u00f3n sobre los Bautizos Los PADRES que deseen bautizar a su hij@ en esta Parroquia DEBEN SABER: A. Solicitar el Bautismo cuanto antes, incluso antes de su nacimiento. La solicitud al p\u00e1rroco ha deser pedida \u00fanicamente por los Padres. Deber\u00e1 ser al menoscon 2 meses de antelaci\u00f3n a la fecha prevista a &hellip; <\/p>\n<p class=\"link-more\"><a href=\"http:\/\/parroquiadelcarmenarrecife.org\/?page_id=45\" class=\"more-link\">Continuar leyendo<span class=\"screen-reader-text\"> &#8220;INFORMACION DE BAUTIZOS&#8221;<\/span><\/a><\/p>\n","protected":false},"author":1,"featured_media":0,"parent":2,"menu_order":0,"comment_status":"closed","ping_status":"closed","template":"","meta":[],"_links":{"self":[{"href":"http:\/\/parroquiadelcarmenarrecife.org\/index.php?rest_route=\/wp\/v2\/pages\/45"}],"collection":[{"href":"http:\/\/parroquiadelcarmenarrecife.org\/index.php?rest_route=\/wp\/v2\/pages"}],"about":[{"href":"http:\/\/parroquiadelcarmenarrecife.org\/index.php?rest_route=\/wp\/v2\/types\/page"}],"author":[{"embeddable":true,"href":"http:\/\/parroquiadelcarmenarrecife.org\/index.php?rest_route=\/wp\/v2\/users\/1"}],"replies":[{"embeddable":true,"href":"http:\/\/parroquiadelcarmenarrecife.org\/index.php?rest_route=%2Fwp%2Fv2%2Fcomments&post=45"}],"version-history":[{"count":4,"href":"http:\/\/parroquiadelcarmenarrecife.org\/index.php?rest_route=\/wp\/v2\/pages\/45\/revisions"}],"predecessor-version":[{"id":67,"href":"http:\/\/parroquiadelcarmenarrecife.org\/index.php?rest_route=\/wp\/v2\/pages\/45\/revisions\/67"}],"up":[{"embeddable":true,"href":"http:\/\/parroquiadelcarmenarrecife.org\/index.php?rest_route=\/wp\/v2\/pages\/2"}],"wp:attachment":[{"href":"http:\/\/parroquiadelcarmenarrecife.org\/index.php?rest_route=%2Fwp%2Fv2%2Fmedia&parent=45"}],"curies":[{"name":"wp","href":"https:\/\/api.w.org\/{rel}","templated":true}]}}