{"id":76,"date":"2017-05-22T08:48:08","date_gmt":"2017-05-22T08:48:08","guid":{"rendered":"http:\/\/parroquiadelcarmenarrecife.org\/?page_id=76"},"modified":"2017-05-22T08:48:08","modified_gmt":"2017-05-22T08:48:08","slug":"padres-y-padrinos","status":"publish","type":"page","link":"http:\/\/parroquiadelcarmenarrecife.org\/?page_id=76","title":{"rendered":"PADRES Y PADRINOS"},"content":{"rendered":"<h4 style=\"text-align: center;\"><span style=\"color: #ffffff;\">A LOS PADRES Y PADRINOS DEL BAUTISMO<\/span><\/h4>\n<p style=\"text-align: left;\">\n<strong>Queridos amigos:<\/strong><br \/>\nUna de las alegr\u00edas mayores que hay en la vida es el<br \/>\nnacimiento de una nueva criatura. Ustedes lo han experimentado<br \/>\ncon este hijo\/a. Seguramente que, aunque les cueste, querr\u00e1n que<br \/>\nse desarrolle y crezca bien, por eso buscar\u00e1n la mejor vida para \u00e9l,<br \/>\npara ella. Al pedir el Bautismo lo hacen pensando que es lo mejor.<\/p>\n<p style=\"text-align: center;\"><strong>Para Reflexionar en Casa:<\/strong><br \/>\n\u00bfPor qu\u00e9 quieren bautizar a su hijo\/a? En pareja cada uno<br \/>\nexpone sus razones y motivos y los razona con el otro.<br \/>\nSi los Padres no est\u00e1n casados: Reflexionan los dos sobre su<br \/>\nsituaci\u00f3n y caminos hacia el Matrimonio. \u00bfY los Padrinos?<br \/>\nBusquen personas \u201ctestigos de la Fe\u201d que puedan<br \/>\nacompa\u00f1ar y educar al ni\u00f1o\/a.<\/p>\n<p style=\"text-align: center;\"><strong>Para Reflexionar el d\u00eda de la reuni\u00f3n en la Parroquia:<\/strong><br \/>\n-\u00bfTenemos Fe? \u00bfC\u00f3mo la vivimos y celebramos?<br \/>\n-La Misi\u00f3n de los Padres y Padrinos<br \/>\n-El significado del Bautismo<br \/>\n-La pertenencia a la Iglesia<br \/>\n-Preparaci\u00f3n de la Celebraci\u00f3n<\/p>\n<p style=\"text-align: center;\"><strong>LA FE ES UN DON DE DIOS:<\/strong><br \/>\nEs como una SEMILLA:<br \/>\n-SE SIEMBRA<br \/>\n&#8211; GERMINA<br \/>\n&#8211; SE VA DESARROLLANDO<br \/>\nNecesita un tiempo como los \u00e1rboles,<br \/>\nes algo que hay que cultivar constantemente,<br \/>\nque puede crecer,<br \/>\npero tambi\u00e9n puede perderse.<br \/>\nPor ello NO BASTA CON RECIBIR EL<br \/>\nBAUTISMO, <strong>SUPONE UN COMPROMISO<\/strong><br \/>\n<strong>FAMILIAR y ECLESIAL .<\/strong><\/p>\n<p style=\"text-align: center;\">\n<p style=\"text-align: center;\"><span style=\"color: #ffffff;\"><strong><em>La Parroquia Ntra. Sra. del Carmen &#8211; Valterra<\/em><\/strong><\/span><\/p>\n","protected":false},"excerpt":{"rendered":"<p>A LOS PADRES Y PADRINOS DEL BAUTISMO Queridos amigos: Una de las alegr\u00edas mayores que hay en la vida es el nacimiento de una nueva criatura. Ustedes lo han experimentado con este hijo\/a. Seguramente que, aunque les cueste, querr\u00e1n que se desarrolle y crezca bien, por eso buscar\u00e1n la mejor vida para \u00e9l, para ella. &hellip; <\/p>\n<p class=\"link-more\"><a href=\"http:\/\/parroquiadelcarmenarrecife.org\/?page_id=76\" class=\"more-link\">Continuar leyendo<span class=\"screen-reader-text\"> &#8220;PADRES Y PADRINOS&#8221;<\/span><\/a><\/p>\n","protected":false},"author":1,"featured_media":0,"parent":0,"menu_order":0,"comment_status":"closed","ping_status":"closed","template":"","meta":[],"_links":{"self":[{"href":"http:\/\/parroquiadelcarmenarrecife.org\/index.php?rest_route=\/wp\/v2\/pages\/76"}],"collection":[{"href":"http:\/\/parroquiadelcarmenarrecife.org\/index.php?rest_route=\/wp\/v2\/pages"}],"about":[{"href":"http:\/\/parroquiadelcarmenarrecife.org\/index.php?rest_route=\/wp\/v2\/types\/page"}],"author":[{"embeddable":true,"href":"http:\/\/parroquiadelcarmenarrecife.org\/index.php?rest_route=\/wp\/v2\/users\/1"}],"replies":[{"embeddable":true,"href":"http:\/\/parroquiadelcarmenarrecife.org\/index.php?rest_route=%2Fwp%2Fv2%2Fcomments&post=76"}],"version-history":[{"count":1,"href":"http:\/\/parroquiadelcarmenarrecife.org\/index.php?rest_route=\/wp\/v2\/pages\/76\/revisions"}],"predecessor-version":[{"id":77,"href":"http:\/\/parroquiadelcarmenarrecife.org\/index.php?rest_route=\/wp\/v2\/pages\/76\/revisions\/77"}],"wp:attachment":[{"href":"http:\/\/parroquiadelcarmenarrecife.org\/index.php?rest_route=%2Fwp%2Fv2%2Fmedia&parent=76"}],"curies":[{"name":"wp","href":"https:\/\/api.w.org\/{rel}","templated":true}]}}